 210?
-21
In base 3, what is 1110 + 11110?
12220
In base 10, what is 10 + -3?
7
In base 8, what is 4 - 1513?
-1507
In base 13, what is 8 - -1b?
26
In base 12, what is -b1 + 4?
-a9
In base 5, what is -132301 + 10?
-132241
In base 15, what is 1d02 - -5?
1d07
In base 3, what is -11 + -100112?
-100200
In base 4, what is -31 + -13231?
-13322
In base 16, what is -19c + 3?
-199
In base 15, what is 20 + -8?
17
In base 14, what is 43 + -4?
3d
In base 3, what is -100 + -2101121?
-2101221
In base 12, what is -1 - 29?
-2a
In base 11, what is -1a + 23?
4
In base 11, what is 486 + -2?
484
In base 7, what is 141 + -3?
135
In base 5, what is 42 + 4040?
4132
In base 2, what is -101010110111 + -1?
-101010111000
In base 7, what is 1323 - 41?
1252
In base 4, what is -30112 + 30?
-30022
In base 4, what is -213 - -22?
-131
In base 7, what is -4 - -22026?
22022
In base 5, what is -2 - 441?
-443
In base 12, what is -12 - 396?
-3a8
In base 2, what is 101 - -1010111?
1011100
In base 6, what is 24 + 3?
31
In base 3, what is 0 + 21220?
21220
In base 5, what is 0 - -41?
41
In base 8, what is -136 + -21?
-157
In base 14, what is -4dba + 0?
-4dba
In base 13, what is -8 + 27?
1c
In base 13, what is 16c - 3c?
130
In base 6, what is 1401 - -12?
1413
In base 14, what is -169 - -2?
-167
In base 7, what is 0 + -4456?
-4456
In base 2, what is 101011110 + -11101?
101000001
In base 7, what is -556 - -5?
-551
In base 15, what is 12 + -12?
0
In base 2, what is 10001011 + -111?
10000100
In base 8, what is 403 + -5?
376
In base 15, what is -17 + 3?
-14
In base 2, what is 1010000 + -100?
1001100
In base 12, what is 6 - -39a?
3a4
In base 11, what is 1 - 7?
-6
In base 13, what is -bac + 3?
-ba9
In base 8, what is 1 - 5360?
-5357
In base 8, what is -155 - -74?
-61
In base 7, what is -3 + -30?
-33
In base 5, what is 333 + -24?
304
In base 7, what is 54 - 0?
54
In base 7, what is -5 + -210?
-215
In base 6, what is -13 + -2?
-15
In base 15, what is -3 - a0?
-a3
In base 6, what is 5 - -25?
34
In base 16, what is 0 - 94?
-94
In base 2, what is 1000100 - -10011?
1010111
In base 16, what is -3 + acf?
acc
In base 6, what is 22 - 412?
-350
In base 5, what is 41 - 223?
-132
In base 15, what is -5 + -3a1?
-3a6
In base 11, what is 14 - -10?
24
In base 12, what is 26509 - 0?
26509
In base 8, what is 1 + 60?
61
In base 2, what is -1000010010 - -11?
-1000001111
In base 5, what is 0 + 210?
210
In base 7, what is 5 - -10635?
10643
In base 12, what is -172 + 5?
-169
In base 15, what is 6 - 122?
-11b
In base 11, what is 109 + 7?
115
In base 2, what is -10111110011000 - 101?
-10111110011101
In base 11, what is -5 - -2a?
25
In base 15, what is 14 - c?
7
In base 16, what is -24e5 - -2?
-24e3
In base 7, what is -3 - -1111?
1105
In base 10, what is 1 + 17?
18
In base 16, what is -175 - 3?
-178
In base 4, what is 1013 - -10?
1023
In base 14, what is 36 - -3?
39
In base 2, what is 1111110100 + 100?
1111111000
In base 4, what is 2 + -212331?
-212323
In base 11, what is -2 - -53?
51
In base 12, what is -1076 - -7?
-106b
In base 14, what is -3 + -db?
-100
In base 16, what is -3 + -a?
-d
In base 12, what is 68 + 3?
6b
In base 14, what is -44 - -19?
-29
In base 7, what is 1116 - 16?
1100
In base 15, what is -3 + 1?
-2
In base 16, what is 4 + -49?
-45
In base 9, what is -3 + 484?
481
In base 10, what is -26 + -325?
-351
In base 9, what is -7 - -35?
27
In base 16, what is 4 + -11?
-d
In base 4, what is -3 - -1022?
1013
In base 13, what is 128 + -7?
121
In base 8, what is -44 + -2?
-46
In base 5, what is -1 + 102?
101
In base 10, what is 5 - -46?
51
In base 14, what is -64b7 + 5?
-64b2
In base 15, what is 356 - -8?
35e
In base 16, what is 4 + -97?
-93
In base 4, what is -21133 + -21?
-21220
In base 4, what is 31 + 10021?
10112
In base 12, what is -4 + -60?
-64
In base 4, what is 10100 - -11?
10111
In base 4, what is -1101 - 11?
-1112
In base 9, what is -75 + 0?
-75
In base 3, what is -10 - -122220?
122210
In base 3, what is -11 - -2122100?
2122012
In base 9, what is 203 - 0?
203
In base 14, what is 274 + -3?
271
In base 5, what is 10030 + -32?
4443
In base 16, what is -8 - 3?
-b
In base 13, what is -265c - 2?
-2661
In base 7, what is 0 - -124?
124
In base 3, what is 1000 + -1?
222
In base 5, what is -2120 - 1?
-2121
In base 8, what is 1 - 237?
-236
In base 11, what is 292 + -9?
284
In base 16, what is -348 + 1?
-347
In base 11, what is -2 + -31?
-33
In base 14, what is -544 + 3?
-541
In base 6, what is 2 - 3?
-1
In base 6, what is 1 - 231?
-230
In base 7, what is -216 - 5?
-224
In base 16, what is a6 + -5?
a1
In base 11, what is 4 - 2a0?
-297
In base 13, what is -166 + 5?
-161
In base 6, what is 22 - 1?
21
In base 15, what is 718 - -3?
71b
In base 11, what is -4 - 0?
-4
In base 6, what is 33 + 110?
143
In base 2, what is 110001110 - -100?
110010010
In base 9, what is 4 + -55?
-51
In base 13, what is 4 + 85?
89
In base 7, what is 5 - -6?
14
In base 12, what is -418 + -1?
-419
In base 8, what is -53 - -63?
10
In base 6, what is 35 - 1010?
-531
In base 16, what is -2 + -26f?
-271
In base 16, what is 4 + 97?
9b
In base 10, what is 1 - 32?
-31
In base 4, what is 331 - 2?
323
In base 16, what is 5 + -ab?
-a6
In base 10, what is 18 - -2?
20
In base 13, what is 10a9 - 1?
10a8
In base 14, what is 56 - -1?
57
In base 8, what is 473 - 2?
471
In base 14, what is 5 + -39?
-34
In base 16, what is -3 + 1bf?
1bc
In base 3, what is -12020 + -2102?
-21122
In base 4, what is 1020 - 2?
1012
In base 11, what is -28 - -3?
-25
In base 7, what is 162 + -252?
-60
In base 12, what is -1 + 55?
54
In base 12, what is 2 - -1b19?
1b1b
In base 11, what is 142 + 5?
147
In base 9, what is 2 - -32?
34
In base 9, what is 86 + -2?
84
In base 14, what is 0 - 4c?
-4c
In base 10, what is -27 - 2?
-29
In base 4, what is -2 + 32303?
32301
In base 7, what is -1063 + 124?
-636
In base 4, what is -3 - -3231?
3222
In base 15, what is -22 - -a6?
84
In base 11, what is 2 + -846?
-844
In base 7, what is -4 - 212?
-216
In base 6, what is -3 - -225?
222
In base 6, what is 1 - -10011?
10012
In base 2, what is 100001001001 + -11?
100001000110
In base 14, what is -659 - -2?
-657
In base 16, what is 57 + 8f?
e6
In base 12, what is -34a + 0?
-34a
In base 13, what is -3b38 + -3?
-3b3b
In base 16, what is -1d + -4?
-21
In base 16, what is -7 - -ca4?
c9d
In base 11, what is -5 + 97?
92
In base 2, what is 0 - -11111111011?
11111111011
In base 12, what is -3 + -30?
-33
In base 13, what is 245 + 0?
245
In base 12, what is 0 + 71?
71
In base 5, what is -313 + 21?
-242
In base 5, what is 10 - -30?
40
In base 9, what is -4 + -47?
-52
In base 9, what is -8 + 711?
702
In base 6, what is -4341 - -4?
-4333
In base 7, what is -13014 + 0?
-13014
In base 16, what is -164 + -6?
-16a
In base 8, what is 63 - -413?
476
In base 14, what is 9 + 3?
c
In base 12, what is 2 + 33?
35
In base 10, what is 3 + -66?
-63
In base 2, what is 11110 + -1001011001?
-1000111011
In base 9, what is -116 + 255?
138
In base 13, what is 3a + -5?
35
In base 16, what is -1a6 + -5?
-1ab
In base 3, what is 2 + -122122?
-122120
In base 9, what is 2 + 68?
71
In base 9, what is 411 + 30?
441
In base 8, what is -4 + -114?
-120
In base 11, what is 4 + 96?
9a
In base 6, what is 34 + 11?
45
In base 14, what is 2 - 448?
-446
In base 12, what is -b9 + 4?
-b5
In base 4, what is -120030 + -1?
-120031
In base 6, what is 2 + 12?
14
In base 13, what is 6 - -1?
7
In base 3, what is 1 + -11201111?
-11201110
In base 12, what is 48 + 7?
53
In base 14, what is 4bd - -4?
4c3
In base 2, what is 10 + 1100110?
1101000
In base 13, what is 110 - -5?
115
In base 10, what is 5 - 46?
-41
In base 4, what is 232 - -1323?
2221
In base 16, what is -de4 - -1?
-de3
In base 15, what is -52 - b?
-5d
In base 9, what is -14 + 28?
14
In base 5, what is -114000 + 2?
-113443
In base 7, what is -105 - -505?
400
In base 6, what is -15 + -3?
-22
In base 7, what is 2 + 3645?
3650
In base 4, what is 20 + 21?
101
In base 2, what is -1 + -1100?
-1101
In base 9, what is 4 + 8813?
8817
In base 5, what is -1103 - -11?
-1042
In base 8, what is -1177 - -2?
-1175
In base 9, what is -4 + -14?
-18
In base 16, what is -4e6 + -4?
-4ea
In base 13, what is 160 - b?
152
In base 15, what is -39 - 5?
-3e
In base 12, what is -2 + -251?
-253
In base 10, what is 76 - 2?
74
In base 1